List the prime factors of 489162.
2, 3, 81527
List the prime factors of 354405.
3, 5, 23627
What are the prime factors of 18651968?
2, 291437
List the prime factors of 4180579.
13, 353, 911
What are the prime factors of 293754?
2, 3, 173, 283
List the prime factors of 29267.
7, 37, 113
List the prime factors of 116588.
2, 29147
List the prime factors of 541474.
2, 270737
What are the prime factors of 40916567?
40916567
What are the prime factors of 2700496?
2, 168781
What are the prime factors of 287559?
3, 89, 359
List the prime factors of 391656.
2, 3, 16319
What are the prime factors of 30322309?
19, 31, 51481
What are the prime factors of 13214634?
2, 3, 2202439
List the prime factors of 327559.
327559
What are the prime factors of 385202?
2, 192601
List the prime factors of 1059349.
1059349
What are the prime factors of 108163?
11, 9833
What are the prime factors of 2027449?
2027449
What are the prime factors of 213398?
2, 106699
What are the prime factors of 165673?
165673
List the prime factors of 12896113.
3011, 4283
What are the prime factors of 2062026?
2, 3, 97, 1181
List the prime factors of 5902180.
2, 5, 43, 6863
List the prime factors of 19708910.
2, 5, 13, 151607
What are the prime factors of 1528176?
2, 3, 13, 31, 79
List the prime factors of 105632.
2, 3301
What are the prime factors of 4826388?
2, 3, 7, 57457
List the prime factors of 20854539.
3, 2317171
What are the prime factors of 3563243?
53, 67231
List the prime factors of 10420359.
3, 151, 23003
List the prime factors of 246581.
191, 1291
What are the prime factors of 926640?
2, 3, 5, 11, 13
What are the prime factors of 3539734?
2, 11, 14627
What are the prime factors of 6337658?
2, 3168829
List the prime factors of 601827.
3, 200609
List the prime factors of 1687998.
2, 3, 13, 17, 19, 67
List the prime factors of 177140.
2, 5, 17, 521
List the prime factors of 391745.
5, 47, 1667
List the prime factors of 1487524.
2, 373, 997
List the prime factors of 28312699.
28312699
List the prime factors of 326995.
5, 17, 3847
List the prime factors of 2072501.
19, 5741
List the prime factors of 274618.
2, 17, 41, 197
List the prime factors of 1415010.
2, 3, 5, 101, 467
List the prime factors of 17242193.
17242193
What are the prime factors of 6028935?
3, 5, 11, 61, 599
What are the prime factors of 4673431?
7, 197, 3389
What are the prime factors of 220778?
2, 59, 1871
List the prime factors of 77616.
2, 3, 7, 11
What are the prime factors of 14618558?
2, 7309279
What are the prime factors of 302705?
5, 13, 4657
What are the prime factors of 381840?
2, 3, 5, 37, 43
List the prime factors of 13216449.
3, 149, 29567
List the prime factors of 429701.
429701
List the prime factors of 1452542.
2, 7, 13, 23, 347
List the prime factors of 919633.
11, 13, 59, 109
List the prime factors of 1988034.
2, 3, 331339
What are the prime factors of 94936?
2, 11867
What are the prime factors of 1971948?
2, 3, 11, 14939
List the prime factors of 4870288.
2, 304393
What are the prime factors of 17452?
2, 4363
What are the prime factors of 829347?
3, 276449
List the prime factors of 14462679.
3, 7, 11, 137, 457
What are the prime factors of 19542?
2, 3, 3257
What are the prime factors of 1374791?
11, 124981
What are the prime factors of 11238280?
2, 5, 280957
What are the prime factors of 597209?
597209
What are the prime factors of 2245658?
2, 59, 19031
What are the prime factors of 3881284?
2, 11, 88211
What are the prime factors of 1194049?
211, 5659
List the prime factors of 220432.
2, 23, 599
What are the prime factors of 515840?
2, 5, 13, 31
List the prime factors of 1036593.
3, 149, 773
What are the prime factors of 8479046?
2, 41, 53, 1951
List the prime factors of 507433.
17, 19, 1571
What are the prime factors of 12286131?
3, 11, 13, 2203
What are the prime factors of 325978?
2, 162989
List the prime factors of 213183.
3, 23687
What are the prime factors of 1130665?
5, 226133
List the prime factors of 10291733.
10291733
What are the prime factors of 221332?
2, 55333
What are the prime factors of 1787716?
2, 7, 1303
What are the prime factors of 16903116?
2, 3, 83, 5657
List the prime factors of 5037106.
2, 37, 43, 1583
List the prime factors of 238931.
7, 11, 29, 107
What are the prime factors of 1324309?
7, 189187
List the prime factors of 11721.
3, 3907
List the prime factors of 88015.
5, 29, 607
What are the prime factors of 330641?
330641
List the prime factors of 29822061.
3, 479, 20753
What are the prime factors of 4376039?
127, 34457
List the prime factors of 3774164.
2, 943541
List the prime factors of 117267.
3, 39089
List the prime factors of 283579.
283579
What are the prime factors of 3236701?
13, 307, 811
What are the prime factors of 16284221?
16284221
What are the prime factors of 1464988?
2, 7, 52321
What are the prime factors of 3205747?
29, 110543
List the prime factors of 2828503.
113, 25031
List the prime factors of 2018327.
673, 2999
What are the prime factors of 1394298?
2, 3, 71, 1091
List the prime factors of 9773766.
2, 3, 542987
List the prime factors of 1181224.
2, 11, 31, 433
List the prime factors of 7033125.
3, 5, 11, 31
What are the prime factors of 2115909?
3, 78367
What are the prime factors of 232350?
2, 3, 5, 1549
List the prime factors of 3093031.
17, 181943
What are the prime factors of 708944?
2, 59, 751
What are the prime factors of 2603408?
2, 162713
What are the prime factors of 5313758?
2, 17, 373, 419
What are the prime factors of 27784009?
11, 461, 5479
List the prime factors of 28962834.
2, 3, 4827139
What are the prime factors of 6267525?
3, 5, 11, 71, 107
What are the prime factors of 324777?
3, 73, 1483
List the prime factors of 236315.
5, 151, 313
List the prime factors of 7210839.
3, 17, 8317
What are the prime factors of 1737592?
2, 217199
What are the prime factors of 7154059?
11, 17, 67, 571
What are the prime factors of 10927272?
2, 3, 59, 7717
List the prime factors of 1996333.
1996333
List the prime factors of 131540.
2, 5, 6577
What are the prime factors of 15391131?
3, 7, 732911
List the prime factors of 1922927.
37, 51971
List the prime factors of 7293119.
17, 429007
List the prime factors of 186891.
3, 62297
List the prime factors of 7791272.
2, 191, 5099
List the prime factors of 20297711.
7, 17, 59
What are the prime factors of 157935?
3, 5, 10529
List the prime factors of 13638.
2, 3, 2273
What are the prime factors of 411255?
3, 5, 13, 19, 37
List the prime factors of 4851005.
5, 970201
What are the prime factors of 58525?
5, 2341
What are the prime factors of 359294?
2, 13, 1063
What are the prime factors of 2768674?
2, 1384337
List the prime factors of 1178555.
5, 7, 151, 223
What are the prime factors of 2590358?
2, 17, 47, 1621
What are the prime factors of 1661264?
2, 11, 9439
What are the prime factors of 2342646?
2, 3, 130147
List the prime factors of 740414.
2, 370207
What are the prime factors of 756791?
7, 73, 1481
What are the prime factors of 25973764?
2, 6493441
What are the prime factors of 2047530?
2, 3, 5, 131, 521
List the prime factors of 41434.
2, 20717
List the prime factors of 562728.
2, 3, 23447
What are the prime factors of 5534491?
19, 15331
What are the prime factors of 300048?
2, 3, 7, 19, 47
What are the prime factors of 861784?
2, 7, 11, 1399
What are the prime factors of 10058591?
2749, 3659
List the prime factors of 8223616.
2, 41, 1567
List the prime factors of 7626231.
3, 94151
What are the prime factors of 131737?
103, 1279
List the prime factors of 11551013.
11551013
List the prime factors of 47712.
2, 3, 7, 71
What are the prime factors of 5727606?
2, 3, 17, 233, 241
What are the prime factors of 8782993?
139, 179, 353
List the prime factors of 2262325.
5, 13, 6961
List the prime factors of 1470054.
2, 3, 491, 499
List the prime factors of 12852840.
2, 3, 5, 7, 11, 13, 107
List the prime factors of 46851.
3, 7, 23, 97
What are the prime factors of 26953?
26953
List the prime factors of 41545073.
79, 525887
List the prime factors of 1318602.
2, 3, 219767
What are the prime factors of 235984?
2, 7, 43
What are the prime factors of 23428287?
3, 2603143
What are the prime factors of 13443684?
2, 3, 23, 67, 727
List the prime factors of 2420878.
2, 1210439
What are the prime factors of 7223